CRAN Package Check Results for Package refreshr

Last updated on 2025-05-23 04:51:18 CEST.

Flavor Version Tinstall Tcheck Ttotal Status Flags
r-devel-linux-x86_64-debian-clang 0.1.0 1.62 17.94 19.56 NOTE
r-devel-linux-x86_64-debian-gcc 0.1.0 1.52 14.87 16.39 NOTE
r-devel-linux-x86_64-fedora-clang 0.1.0 31.25 NOTE
r-devel-linux-x86_64-fedora-gcc 0.1.0 29.81 NOTE
r-devel-windows-x86_64 0.1.0 4.00 74.00 78.00 NOTE
r-patched-linux-x86_64 0.1.0 1.47 17.31 18.78 NOTE
r-release-linux-x86_64 0.1.0 1.77 17.92 19.69 NOTE
r-release-macos-arm64 0.1.0 14.00 NOTE
r-release-macos-x86_64 0.1.0 23.00 NOTE
r-release-windows-x86_64 0.1.0 4.00 60.00 64.00 NOTE
r-oldrel-macos-arm64 0.1.0 15.00 NOTE
r-oldrel-macos-x86_64 0.1.0 20.00 NOTE
r-oldrel-windows-x86_64 0.1.0 4.00 41.00 45.00 NOTE

Check Details

Version: 0.1.0
Check: Rd files
Result: NOTE checkRd: (-1) make_refreshable.Rd:13: Lost braces 13 | not that quotes need to be escaped (code{\"}).} | ^ Flavors: r-devel-linux-x86_64-debian-clang, r-devel-linux-x86_64-debian-gcc, r-devel-linux-x86_64-fedora-clang, r-devel-linux-x86_64-fedora-gcc, r-devel-windows-x86_64, r-patched-linux-x86_64, r-release-linux-x86_64, r-release-macos-arm64, r-release-macos-x86_64, r-release-windows-x86_64, r-oldrel-macos-arm64, r-oldrel-macos-x86_64, r-oldrel-windows-x86_64