Last updated on 2025-07-18 04:49:18 CEST.
Flavor | Version | Tinstall | Tcheck | Ttotal | Status | Flags |
---|---|---|---|---|---|---|
r-devel-linux-x86_64-debian-clang | 0.2.1 | 6.25 | 57.22 | 63.47 | NOTE | |
r-devel-linux-x86_64-debian-gcc | 0.2.1 | 4.74 | 39.85 | 44.59 | NOTE | |
r-devel-linux-x86_64-fedora-clang | 0.2.1 | 99.36 | OK | |||
r-devel-linux-x86_64-fedora-gcc | 0.2.1 | 95.26 | OK | |||
r-devel-windows-x86_64 | 0.2.1 | 8.00 | 69.00 | 77.00 | OK | |
r-patched-linux-x86_64 | 0.2.1 | 6.36 | 54.46 | 60.82 | OK | |
r-release-linux-x86_64 | 0.2.1 | 6.12 | 53.10 | 59.22 | OK | |
r-release-macos-arm64 | 0.2.1 | 27.00 | OK | |||
r-release-macos-x86_64 | 0.2.1 | 52.00 | OK | |||
r-release-windows-x86_64 | 0.2.1 | 13.00 | 69.00 | 82.00 | OK | |
r-oldrel-macos-arm64 | 0.2.1 | 28.00 | OK | |||
r-oldrel-macos-x86_64 | 0.2.1 | 39.00 | OK | |||
r-oldrel-windows-x86_64 | 0.2.1 | 10.00 | 80.00 | 90.00 | OK |
Version: 0.2.1
Check: CRAN incoming feasibility
Result: NOTE
Maintainer: ‘Alexander I. Jordan <alexander.jordan@h-its.org>’
Package CITATION file contains call(s) to old-style citEntry(). Please
use bibentry() instead.
Flavors: r-devel-linux-x86_64-debian-clang, r-devel-linux-x86_64-debian-gcc