CRAN Package Check Results for Package resquin

Last updated on 2025-05-23 04:51:18 CEST.

Flavor Version Tinstall Tcheck Ttotal Status Flags
r-devel-linux-x86_64-debian-clang 0.0.2 1.70 26.67 28.37 NOTE
r-devel-linux-x86_64-debian-gcc 0.0.2 1.45 21.07 22.52 NOTE
r-devel-linux-x86_64-fedora-clang 0.0.2 43.60 NOTE
r-devel-linux-x86_64-fedora-gcc 0.0.2 54.40 NOTE
r-devel-windows-x86_64 0.0.2 4.00 92.00 96.00 NOTE
r-patched-linux-x86_64 0.0.2 1.82 24.87 26.69 NOTE
r-release-linux-x86_64 0.0.2 1.44 24.56 26.00 NOTE
r-release-macos-arm64 0.0.2 30.00 NOTE
r-release-macos-x86_64 0.0.2 41.00 NOTE
r-release-windows-x86_64 0.0.2 5.00 62.00 67.00 NOTE
r-oldrel-macos-arm64 0.0.2 26.00 OK
r-oldrel-macos-x86_64 0.0.2 41.00 OK
r-oldrel-windows-x86_64 0.0.2 4.00 51.00 55.00 OK

Check Details

Version: 0.0.2
Check: DESCRIPTION meta-information
Result: NOTE Missing dependency on R >= 4.1.0 because package code uses the pipe |> or function shorthand \(...) syntax added in R 4.1.0. File(s) using such syntax: ‘resp_distributions.R’ ‘resp_distributions.Rd’ ‘resp_styles.Rd’ ‘util.R’ Flavors: r-devel-linux-x86_64-debian-clang, r-devel-linux-x86_64-debian-gcc, r-devel-linux-x86_64-fedora-clang, r-devel-linux-x86_64-fedora-gcc, r-devel-windows-x86_64, r-patched-linux-x86_64, r-release-linux-x86_64, r-release-macos-arm64, r-release-macos-x86_64, r-release-windows-x86_64