Last updated on 2025-05-23 04:51:18 CEST.
Flavor | Version | Tinstall | Tcheck | Ttotal | Status | Flags |
---|---|---|---|---|---|---|
r-devel-linux-x86_64-debian-clang | 0.1.0 | 233.87 | 41.99 | 275.86 | OK | |
r-devel-linux-x86_64-debian-gcc | 0.1.0 | 170.16 | 38.45 | 208.61 | OK | |
r-devel-linux-x86_64-fedora-clang | 0.1.0 | 554.67 | OK | |||
r-devel-linux-x86_64-fedora-gcc | 0.1.0 | 616.48 | OK | |||
r-devel-windows-x86_64 | 0.1.0 | 318.00 | 116.00 | 434.00 | OK | |
r-patched-linux-x86_64 | 0.1.0 | 238.60 | 48.73 | 287.33 | OK | |
r-release-linux-x86_64 | 0.1.0 | 244.81 | 48.92 | 293.73 | OK | |
r-release-macos-arm64 | 0.1.0 | 118.00 | OK | |||
r-release-macos-x86_64 | 0.1.0 | 113.00 | OK | |||
r-release-windows-x86_64 | 0.1.0 | 314.00 | 117.00 | 431.00 | OK | |
r-oldrel-macos-arm64 | 0.1.0 | 106.00 | NOTE | |||
r-oldrel-macos-x86_64 | 0.1.0 | 119.00 | NOTE | |||
r-oldrel-windows-x86_64 | 0.1.0 | 351.00 | 133.00 | 484.00 | OK |
Version: 0.1.0
Check: installed package size
Result: NOTE
installed size is 28.6Mb
sub-directories of 1Mb or more:
libs 27.4Mb
Flavors: r-oldrel-macos-arm64, r-oldrel-macos-x86_64