Last updated on 2025-07-19 04:49:36 CEST.
Flavor | Version | Tinstall | Tcheck | Ttotal | Status | Flags |
---|---|---|---|---|---|---|
r-devel-linux-x86_64-debian-clang | 0.1.16 | 1116.46 | 190.95 | 1307.41 | OK | |
r-devel-linux-x86_64-debian-gcc | 0.1.16 | 1086.14 | 226.09 | 1312.23 | OK | |
r-devel-linux-x86_64-fedora-clang | 0.1.16 | 2064.79 | OK | |||
r-devel-linux-x86_64-fedora-gcc | 0.1.16 | 2931.31 | OK | |||
r-devel-windows-x86_64 | 0.1.16 | 1273.00 | 328.00 | 1601.00 | OK | |
r-patched-linux-x86_64 | 0.1.16 | 1357.48 | 308.83 | 1666.31 | OK | |
r-release-linux-x86_64 | 0.1.16 | 1365.11 | 307.51 | 1672.62 | OK | |
r-release-macos-arm64 | 0.1.16 | 504.00 | OK | |||
r-release-macos-x86_64 | 0.1.16 | 696.00 | OK | |||
r-release-windows-x86_64 | 0.1.16 | 1271.00 | 317.00 | 1588.00 | OK | |
r-oldrel-macos-arm64 | 0.1.16 | 283.00 | NOTE | |||
r-oldrel-macos-x86_64 | 0.1.16 | 215.00 | NOTE | |||
r-oldrel-windows-x86_64 | 0.1.16 | 1416.00 | 400.00 | 1816.00 | NOTE |
Version: 0.1.16
Check: installed package size
Result: NOTE
installed size is 143.2Mb
sub-directories of 1Mb or more:
libs 142.8Mb
Flavors: r-oldrel-macos-arm64, r-oldrel-macos-x86_64, r-oldrel-windows-x86_64
Version: 0.1.16
Check: for GNU extensions in Makefiles
Result: NOTE
GNU make is a SystemRequirements.
Flavors: r-oldrel-macos-arm64, r-oldrel-macos-x86_64, r-oldrel-windows-x86_64