Last updated on 2025-05-23 04:51:18 CEST.
Flavor | Version | Tinstall | Tcheck | Ttotal | Status | Flags |
---|---|---|---|---|---|---|
r-devel-linux-x86_64-debian-clang | 1.0.0 | 5.57 | 60.40 | 65.97 | OK | |
r-devel-linux-x86_64-debian-gcc | 1.0.0 | 3.95 | 46.63 | 50.58 | OK | |
r-devel-linux-x86_64-fedora-clang | 1.0.0 | 99.69 | OK | |||
r-devel-linux-x86_64-fedora-gcc | 1.0.0 | 115.98 | OK | |||
r-devel-windows-x86_64 | 1.0.0 | 8.00 | 82.00 | 90.00 | OK | |
r-patched-linux-x86_64 | 1.0.0 | 7.04 | 56.11 | 63.15 | OK | |
r-release-linux-x86_64 | 1.0.0 | 4.66 | 56.29 | 60.95 | OK | |
r-release-macos-arm64 | 1.0.0 | 47.00 | OK | |||
r-release-macos-x86_64 | 1.0.0 | 77.00 | OK | |||
r-release-windows-x86_64 | 1.0.0 | 7.00 | 84.00 | 91.00 | OK | |
r-oldrel-macos-arm64 | 1.0.0 | 42.00 | NOTE | |||
r-oldrel-macos-x86_64 | 1.0.0 | 62.00 | NOTE | |||
r-oldrel-windows-x86_64 | 1.0.0 | 10.00 | 94.00 | 104.00 | NOTE |
Version: 1.0.0
Check: package dependencies
Result: NOTE
Package suggested but not available for checking: ‘rnaturalearthhires’
Flavors: r-oldrel-macos-arm64, r-oldrel-macos-x86_64, r-oldrel-windows-x86_64