CRAN Package Check Results for Package rminqa

Last updated on 2025-10-30 03:51:04 CET.

Flavor Version Tinstall Tcheck Ttotal Status Flags
r-devel-linux-x86_64-debian-clang 0.2.2 13.42 22.67 36.09 NOTE
r-devel-linux-x86_64-debian-gcc 0.2.2 7.69 19.33 27.02 NOTE
r-devel-linux-x86_64-fedora-clang 0.2.2 30.00 29.05 59.05 NOTE
r-devel-linux-x86_64-fedora-gcc 0.2.2 43.00 14.00 57.00 NOTE
r-devel-windows-x86_64 0.2.2 14.00 54.00 68.00 NOTE
r-patched-linux-x86_64 0.2.2 11.25 22.10 33.35 NOTE
r-release-linux-x86_64 0.2.2 12.08 21.84 33.92 NOTE
r-release-macos-arm64 0.2.2 6.00 15.00 21.00 NOTE
r-release-macos-x86_64 0.2.2 12.00 24.00 36.00 NOTE
r-release-windows-x86_64 0.2.2 15.00 59.00 74.00 NOTE
r-oldrel-macos-arm64 0.2.2 6.00 14.00 20.00 NOTE
r-oldrel-macos-x86_64 0.2.2 9.00 21.00 30.00 NOTE
r-oldrel-windows-x86_64 0.2.2 14.00 71.00 85.00 NOTE

Check Details

Version: 0.2.2
Check: C++ specification
Result: NOTE Specified C++11: please drop specification unless essential Flavors: r-devel-linux-x86_64-debian-clang, r-devel-linux-x86_64-debian-gcc, r-devel-linux-x86_64-fedora-clang, r-devel-linux-x86_64-fedora-gcc, r-devel-windows-x86_64, r-patched-linux-x86_64, r-release-linux-x86_64, r-release-macos-arm64, r-release-macos-x86_64, r-release-windows-x86_64, r-oldrel-macos-arm64, r-oldrel-macos-x86_64, r-oldrel-windows-x86_64