CRAN Package Check Results for Package robslopes

Last updated on 2025-05-23 04:51:19 CEST.

Flavor Version Tinstall Tcheck Ttotal Status Flags
r-devel-linux-x86_64-debian-clang 1.1.3 60.25 24.54 84.79 NOTE
r-devel-linux-x86_64-debian-gcc 1.1.3 43.39 19.77 63.16 NOTE
r-devel-linux-x86_64-fedora-clang 1.1.3 168.75 OK
r-devel-linux-x86_64-fedora-gcc 1.1.3 174.64 OK
r-devel-windows-x86_64 1.1.3 70.00 71.00 141.00 OK
r-patched-linux-x86_64 1.1.3 59.99 23.43 83.42 OK
r-release-linux-x86_64 1.1.3 61.04 23.57 84.61 OK
r-release-macos-arm64 1.1.3 41.00 OK
r-release-macos-x86_64 1.1.3 46.00 OK
r-release-windows-x86_64 1.1.3 72.00 101.00 173.00 OK
r-oldrel-macos-arm64 1.1.3 40.00 OK
r-oldrel-macos-x86_64 1.1.3 52.00 OK
r-oldrel-windows-x86_64 1.1.3 82.00 78.00 160.00 OK

Check Details

Version: 1.1.3
Check: CRAN incoming feasibility
Result: NOTE Maintainer: ‘Jakob Raymaekers <j.raymaekers@maastrichtuniversity.nl>’ No Authors@R field in DESCRIPTION. Please add one, modifying Authors@R: person(given = "Jakob", family = "Raymaekers", role = c("aut", "cre"), email = "j.raymaekers@maastrichtuniversity.nl") as necessary. The Description field contains F. (2022) <arXiv:2202.08060>. All algorithms run in quasilinear time. Please refer to arXiv e-prints via their arXiv DOI <doi:10.48550/arXiv.YYMM.NNNNN>. Flavors: r-devel-linux-x86_64-debian-clang, r-devel-linux-x86_64-debian-gcc