CRAN Package Check Results for Package rprintf

Last updated on 2025-05-23 04:51:19 CEST.

Flavor Version Tinstall Tcheck Ttotal Status Flags
r-devel-linux-x86_64-debian-clang 0.2.1 1.76 19.56 21.32 NOTE
r-devel-linux-x86_64-debian-gcc 0.2.1 1.31 16.60 17.91 NOTE
r-devel-linux-x86_64-fedora-clang 0.2.1 31.46 OK
r-devel-linux-x86_64-fedora-gcc 0.2.1 30.00 OK
r-devel-windows-x86_64 0.2.1 4.00 75.00 79.00 OK
r-patched-linux-x86_64 0.2.1 1.67 17.72 19.39 OK
r-release-linux-x86_64 0.2.1 1.56 17.83 19.39 OK
r-release-macos-arm64 0.2.1 13.00 OK
r-release-macos-x86_64 0.2.1 24.00 OK
r-release-windows-x86_64 0.2.1 4.00 71.00 75.00 OK
r-oldrel-macos-arm64 0.2.1 14.00 OK
r-oldrel-macos-x86_64 0.2.1 21.00 OK
r-oldrel-windows-x86_64 0.2.1 2.00 43.00 45.00 OK

Check Details

Version: 0.2.1
Check: CRAN incoming feasibility
Result: NOTE Maintainer: ‘Kun Ren <ken@renkun.me>’ No Authors@R field in DESCRIPTION. Please add one, modifying Authors@R: person(given = "Kun", family = "Ren", role = c("aut", "cre"), email = "ken@renkun.me") as necessary. Flavors: r-devel-linux-x86_64-debian-clang, r-devel-linux-x86_64-debian-gcc