CRAN Package Check Results for Package rslp

Last updated on 2025-05-23 04:51:19 CEST.

Flavor Version Tinstall Tcheck Ttotal Status Flags
r-devel-linux-x86_64-debian-clang 0.2.0 1.85 26.02 27.87 OK
r-devel-linux-x86_64-debian-gcc 0.2.0 1.30 20.59 21.89 OK
r-devel-linux-x86_64-fedora-clang 0.2.0 42.47 OK
r-devel-linux-x86_64-fedora-gcc 0.2.0 40.05 OK
r-devel-windows-x86_64 0.2.0 4.00 48.00 52.00 OK
r-patched-linux-x86_64 0.2.0 1.93 24.29 26.22 OK
r-release-linux-x86_64 0.2.0 1.85 24.19 26.04 OK
r-release-macos-arm64 0.2.0 21.00 OK
r-release-macos-x86_64 0.2.0 32.00 OK
r-release-windows-x86_64 0.2.0 4.00 73.00 77.00 OK
r-oldrel-macos-arm64 0.2.0 18.00 NOTE
r-oldrel-macos-x86_64 0.2.0 24.00 NOTE
r-oldrel-windows-x86_64 0.2.0 4.00 52.00 56.00 NOTE

Check Details

Version: 0.2.0
Check: LazyData
Result: NOTE 'LazyData' is specified without a 'data' directory Flavors: r-oldrel-macos-arm64, r-oldrel-macos-x86_64, r-oldrel-windows-x86_64