CRAN Package Check Results for Package rsnell

Last updated on 2025-07-20 04:51:12 CEST.

Flavor Version Tinstall Tcheck Ttotal Status Flags
r-devel-linux-x86_64-debian-clang 0.1 3.90 33.54 37.44 NOTE
r-devel-linux-x86_64-debian-gcc 0.1 2.93 26.13 29.06 NOTE
r-devel-linux-x86_64-fedora-clang 0.1 58.26 OK
r-devel-linux-x86_64-fedora-gcc 0.1 54.49 OK
r-devel-windows-x86_64 0.1 5.00 49.00 54.00 OK
r-patched-linux-x86_64 0.1 4.07 30.16 34.23 OK
r-release-linux-x86_64 0.1 3.74 30.49 34.23 OK
r-release-macos-arm64 0.1 21.00 OK
r-release-macos-x86_64 0.1 33.00 OK
r-release-windows-x86_64 0.1 5.00 48.00 53.00 OK
r-oldrel-macos-arm64 0.1 29.00 OK
r-oldrel-macos-x86_64 0.1 31.00 OK
r-oldrel-windows-x86_64 0.1 6.00 57.00 63.00 OK

Check Details

Version: 0.1
Check: CRAN incoming feasibility
Result: NOTE Maintainer: ‘Paul F. Petrowski <pfpetrowski@gmail.com>’ No Authors@R field in DESCRIPTION. Please add one, modifying Authors@R: person(given = c("Paul", "F."), family = "Petrowski", role = c("aut", "cre"), email = "pfpetrowski@gmail.com") as necessary. Flavors: r-devel-linux-x86_64-debian-clang, r-devel-linux-x86_64-debian-gcc