Last updated on 2025-05-23 04:51:19 CEST.
Flavor | Version | Tinstall | Tcheck | Ttotal | Status | Flags |
---|---|---|---|---|---|---|
r-devel-linux-x86_64-debian-clang | 9.3.21 | 321.31 | 32.92 | 354.23 | OK | |
r-devel-linux-x86_64-debian-gcc | 9.3.21 | 272.65 | 26.62 | 299.27 | OK | |
r-devel-linux-x86_64-fedora-clang | 9.3.21 | 554.21 | OK | |||
r-devel-linux-x86_64-fedora-gcc | 9.3.21 | 688.54 | OK | |||
r-devel-windows-x86_64 | 9.3.21 | 1122.00 | 111.00 | 1233.00 | OK | |
r-patched-linux-x86_64 | 9.3.21 | 319.03 | 31.92 | 350.95 | OK | |
r-release-linux-x86_64 | 9.3.21 | 317.20 | 31.84 | 349.04 | OK | |
r-release-macos-arm64 | 9.3.21 | 276.00 | OK | |||
r-release-macos-x86_64 | 9.3.21 | 539.00 | OK | |||
r-release-windows-x86_64 | 9.3.21 | 1177.00 | 105.00 | 1282.00 | OK | |
r-oldrel-macos-arm64 | 9.3.21 | 245.00 | NOTE | |||
r-oldrel-macos-x86_64 | 9.3.21 | 324.00 | NOTE | |||
r-oldrel-windows-x86_64 | 9.3.21 | 1133.00 | 82.00 | 1215.00 | NOTE |
Version: 9.3.21
Check: installed package size
Result: NOTE
installed size is 26.7Mb
sub-directories of 1Mb or more:
swipl 26.2Mb
Flavors: r-oldrel-macos-arm64, r-oldrel-macos-x86_64, r-oldrel-windows-x86_64
Version: 9.3.21
Check: for GNU extensions in Makefiles
Result: NOTE
GNU make is a SystemRequirements.
Flavors: r-oldrel-macos-arm64, r-oldrel-macos-x86_64, r-oldrel-windows-x86_64