CRAN Package Check Results for Package rsyntax

Last updated on 2025-05-22 04:50:11 CEST.

Flavor Version Tinstall Tcheck Ttotal Status Flags
r-devel-linux-x86_64-debian-clang 0.1.4 5.67 58.51 64.18 NOTE
r-devel-linux-x86_64-debian-gcc 0.1.4 4.29 40.16 44.45 NOTE
r-devel-linux-x86_64-fedora-clang 0.1.4 100.46 OK
r-devel-linux-x86_64-fedora-gcc 0.1.4 93.08 OK
r-devel-windows-x86_64 0.1.4 9.00 112.00 121.00 OK
r-patched-linux-x86_64 0.1.4 6.16 54.25 60.41 OK
r-release-linux-x86_64 0.1.4 5.63 53.06 58.69 OK
r-release-macos-arm64 0.1.4 34.00 OK
r-release-macos-x86_64 0.1.4 58.00 OK
r-release-windows-x86_64 0.1.4 7.00 128.00 135.00 OK
r-oldrel-macos-arm64 0.1.4 29.00 OK
r-oldrel-macos-x86_64 0.1.4 45.00 OK
r-oldrel-windows-x86_64 0.1.4 10.00 95.00 105.00 OK

Check Details

Version: 0.1.4
Check: CRAN incoming feasibility
Result: NOTE Maintainer: ‘Kasper Welbers <kasperwelbers@gmail.com>’ No Authors@R field in DESCRIPTION. Please add one, modifying Authors@R: c(person(given = "Kasper", family = "Welbers", role = c("aut", "cre"), email = "kasperwelbers@gmail.com"), person(given = "Wouter", family = "van Atteveldt", role = "aut")) as necessary. Flavors: r-devel-linux-x86_64-debian-clang, r-devel-linux-x86_64-debian-gcc