CRAN Package Check Results for Package saeHB.panel

Last updated on 2025-07-17 04:54:53 CEST.

Flavor Version Tinstall Tcheck Ttotal Status Flags
r-devel-linux-x86_64-debian-clang 0.1.1 4.18 47.30 51.48 NOTE
r-devel-linux-x86_64-debian-gcc 0.1.1 3.08 35.17 38.25 NOTE
r-devel-linux-x86_64-fedora-clang 0.1.1 81.98 OK
r-devel-linux-x86_64-fedora-gcc 0.1.1 95.74 OK
r-devel-windows-x86_64 0.1.1 6.00 64.00 70.00 OK
r-patched-linux-x86_64 0.1.1 4.30 43.96 48.26 OK
r-release-linux-x86_64 0.1.1 4.08 43.84 47.92 OK
r-release-macos-arm64 0.1.1 36.00 OK
r-release-macos-x86_64 0.1.1 63.00 OK
r-release-windows-x86_64 0.1.1 7.00 64.00 71.00 OK
r-oldrel-macos-arm64 0.1.1 29.00 OK
r-oldrel-macos-x86_64 0.1.1 47.00 OK
r-oldrel-windows-x86_64 0.1.1 6.00 77.00 83.00 OK

Check Details

Version: 0.1.1
Check: CRAN incoming feasibility
Result: NOTE Maintainer: ‘Velia Tri Marliana <221810642@stis.ac.id>’ No Authors@R field in DESCRIPTION. Please add one, modifying Authors@R: c(person(given = c("Velia", "Tri"), family = "Marliana", role = c("aut", "cre"), email = "221810642@stis.ac.id"), person(given = "Azka", family = "Ubaidillah", role = "aut")) as necessary. Flavors: r-devel-linux-x86_64-debian-clang, r-devel-linux-x86_64-debian-gcc