Last updated on 2025-05-23 04:51:19 CEST.
Flavor | Version | Tinstall | Tcheck | Ttotal | Status | Flags |
---|---|---|---|---|---|---|
r-devel-linux-x86_64-debian-clang | 0.1.0 | 2.39 | 25.27 | 27.66 | OK | |
r-devel-linux-x86_64-debian-gcc | 0.1.0 | 1.64 | 20.37 | 22.01 | OK | |
r-devel-linux-x86_64-fedora-clang | 0.1.0 | 42.95 | OK | |||
r-devel-linux-x86_64-fedora-gcc | 0.1.0 | 54.57 | OK | |||
r-devel-windows-x86_64 | 0.1.0 | 4.00 | 89.00 | 93.00 | OK | |
r-patched-linux-x86_64 | 0.1.0 | 2.45 | 23.21 | 25.66 | OK | |
r-release-linux-x86_64 | 0.1.0 | 2.50 | 23.20 | 25.70 | OK | |
r-release-macos-arm64 | 0.1.0 | 24.00 | OK | |||
r-release-macos-x86_64 | 0.1.0 | 42.00 | OK | |||
r-release-windows-x86_64 | 0.1.0 | 4.00 | 75.00 | 79.00 | OK | |
r-oldrel-macos-arm64 | 0.1.0 | 21.00 | NOTE | |||
r-oldrel-macos-x86_64 | 0.1.0 | 33.00 | NOTE | |||
r-oldrel-windows-x86_64 | 0.1.0 | 5.00 | 53.00 | 58.00 | NOTE |
Version: 0.1.0
Check: LazyData
Result: NOTE
'LazyData' is specified without a 'data' directory
Flavors: r-oldrel-macos-arm64, r-oldrel-macos-x86_64, r-oldrel-windows-x86_64