Last updated on 2025-05-23 04:51:19 CEST.
Flavor | Version | Tinstall | Tcheck | Ttotal | Status | Flags |
---|---|---|---|---|---|---|
r-devel-linux-x86_64-debian-clang | 0.6.16 | 184.12 | 319.15 | 503.27 | OK | |
r-devel-linux-x86_64-debian-gcc | 0.6.16 | 127.04 | 309.33 | 436.37 | OK | |
r-devel-linux-x86_64-fedora-clang | 0.6.16 | 838.50 | OK | |||
r-devel-linux-x86_64-fedora-gcc | 0.6.16 | 817.94 | OK | |||
r-devel-windows-x86_64 | 0.6.16 | 16.00 | 466.00 | 482.00 | OK | |
r-patched-linux-x86_64 | 0.6.16 | 183.32 | 334.31 | 517.63 | OK | |
r-release-linux-x86_64 | 0.6.16 | 180.08 | 331.93 | 512.01 | OK | |
r-release-macos-arm64 | 0.6.16 | 343.00 | OK | |||
r-release-macos-x86_64 | 0.6.16 | 384.00 | OK | |||
r-release-windows-x86_64 | 0.6.16 | 16.00 | 478.00 | 494.00 | OK | |
r-oldrel-macos-arm64 | 0.6.16 | 353.00 | NOTE | |||
r-oldrel-macos-x86_64 | 0.6.16 | 429.00 | NOTE | |||
r-oldrel-windows-x86_64 | 0.6.16 | 17.00 | 497.00 | 514.00 | NOTE |
Version: 0.6.16
Check: installed package size
Result: NOTE
installed size is 5.3Mb
sub-directories of 1Mb or more:
bin 4.5Mb
Flavors: r-oldrel-macos-arm64, r-oldrel-macos-x86_64, r-oldrel-windows-x86_64