Last updated on 2025-07-17 04:54:53 CEST.
Flavor | Version | Tinstall | Tcheck | Ttotal | Status | Flags |
---|---|---|---|---|---|---|
r-devel-linux-x86_64-debian-clang | 1.4.6.2 | 164.02 | 74.16 | 238.18 | OK | |
r-devel-linux-x86_64-debian-gcc | 1.4.6.2 | 127.03 | 58.22 | 185.25 | OK | |
r-devel-linux-x86_64-fedora-clang | 1.4.6.2 | 460.38 | OK | |||
r-devel-linux-x86_64-fedora-gcc | 1.4.6.2 | 510.31 | OK | |||
r-devel-windows-x86_64 | 1.4.6.2 | 183.00 | 142.00 | 325.00 | OK | |
r-patched-linux-x86_64 | 1.4.6.2 | 179.63 | 73.67 | 253.30 | OK | |
r-release-linux-x86_64 | 1.4.6.2 | 179.05 | 73.38 | 252.43 | OK | |
r-release-macos-arm64 | 1.4.6.2 | 139.00 | OK | |||
r-release-macos-x86_64 | 1.4.6.2 | 148.00 | OK | |||
r-release-windows-x86_64 | 1.4.6.2 | 182.00 | 142.00 | 324.00 | OK | |
r-oldrel-macos-arm64 | 1.4.6.2 | 146.00 | NOTE | |||
r-oldrel-macos-x86_64 | 1.4.6.2 | 284.00 | NOTE | |||
r-oldrel-windows-x86_64 | 1.4.6.2 | 186.00 | 167.00 | 353.00 | OK |
Version: 1.4.6.2
Check: installed package size
Result: NOTE
installed size is 18.8Mb
sub-directories of 1Mb or more:
libs 18.2Mb
Flavors: r-oldrel-macos-arm64, r-oldrel-macos-x86_64