Last updated on 2025-05-23 04:51:20 CEST.
Flavor | Version | Tinstall | Tcheck | Ttotal | Status | Flags |
---|---|---|---|---|---|---|
r-devel-linux-x86_64-debian-clang | 0.2.0 | 53.17 | 152.65 | 205.82 | NOTE | |
r-devel-linux-x86_64-debian-gcc | 0.2.0 | 41.06 | 109.34 | 150.40 | NOTE | |
r-devel-linux-x86_64-fedora-clang | 0.2.0 | 270.26 | ERROR | |||
r-devel-linux-x86_64-fedora-gcc | 0.2.0 | 362.80 | NOTE | |||
r-devel-windows-x86_64 | 0.2.0 | 59.00 | 202.00 | 261.00 | NOTE | |
r-patched-linux-x86_64 | 0.2.0 | 55.32 | 150.08 | 205.40 | NOTE | |
r-release-linux-x86_64 | 0.2.0 | 53.62 | 148.36 | 201.98 | NOTE | |
r-release-macos-arm64 | 0.2.0 | 100.00 | NOTE | |||
r-release-macos-x86_64 | 0.2.0 | 178.00 | NOTE | |||
r-release-windows-x86_64 | 0.2.0 | 58.00 | 205.00 | 263.00 | NOTE | |
r-oldrel-macos-arm64 | 0.2.0 | 115.00 | NOTE | |||
r-oldrel-macos-x86_64 | 0.2.0 | 209.00 | NOTE | |||
r-oldrel-windows-x86_64 | 0.2.0 | 67.00 | 246.00 | 313.00 | OK |
Version: 0.2.0
Check: DESCRIPTION meta-information
Result: NOTE
Missing dependency on R >= 4.1.0 because package code uses the pipe
|> or function shorthand \(...) syntax added in R 4.1.0.
File(s) using such syntax:
‘plotting.R’
Flavors: r-devel-linux-x86_64-debian-clang, r-devel-linux-x86_64-debian-gcc, r-devel-linux-x86_64-fedora-clang, r-devel-linux-x86_64-fedora-gcc, r-devel-windows-x86_64, r-patched-linux-x86_64, r-release-linux-x86_64, r-release-macos-arm64, r-release-macos-x86_64, r-release-windows-x86_64
Version: 0.2.0
Check: re-building of vignette outputs
Result: ERROR
Error(s) in re-building vignettes:
--- re-building ‘pbmc.Rmd’ using rmarkdown
trying URL 'https://cf.10xgenomics.com/samples/cell-arc/2.0.0/pbmc_granulocyte_sorted_3k/pbmc_granulocyte_sorted_3k_filtered_feature_bc_matrix.h5'
Content type 'binary/octet-stream' length 38844318 bytes (37.0 MB)
==================================================
downloaded 37.0 MB
Quitting from pbmc.Rmd:64-70 [load-h5]
~~~~~~~~~~~~~~~~~~~~~~~~~~~~~~~~~~~~~~~~~~~~~~~~~~~~~~~~~~~~~~~~~~~~~~~~~~~~~~~~
<error/rlang_error>
Error in `Read10X_h5()`:
! Please install hdf5r to read HDF5 files
---
Backtrace:
▆
1. └─Seurat::Read10X_h5(data_path, use.names = TRUE, unique.features = TRUE)
~~~~~~~~~~~~~~~~~~~~~~~~~~~~~~~~~~~~~~~~~~~~~~~~~~~~~~~~~~~~~~~~~~~~~~~~~~~~~~~~
Error: processing vignette 'pbmc.Rmd' failed with diagnostics:
Please install hdf5r to read HDF5 files
--- failed re-building ‘pbmc.Rmd’
SUMMARY: processing the following file failed:
‘pbmc.Rmd’
Error: Vignette re-building failed.
Execution halted
Flavor: r-devel-linux-x86_64-fedora-clang
Version: 0.2.0
Check: installed package size
Result: NOTE
installed size is 20.9Mb
sub-directories of 1Mb or more:
libs 20.2Mb
Flavors: r-oldrel-macos-arm64, r-oldrel-macos-x86_64