Last updated on 2025-07-19 04:49:37 CEST.
Flavor | Version | Tinstall | Tcheck | Ttotal | Status | Flags |
---|---|---|---|---|---|---|
r-devel-linux-x86_64-debian-clang | 0.1.0 | 3.68 | 24.65 | 28.33 | NOTE | |
r-devel-linux-x86_64-debian-gcc | 0.1.0 | 3.25 | 19.57 | 22.82 | NOTE | |
r-devel-linux-x86_64-fedora-clang | 0.1.0 | 42.47 | OK | |||
r-devel-linux-x86_64-fedora-gcc | 0.1.0 | 39.10 | OK | |||
r-devel-windows-x86_64 | 0.1.0 | 6.00 | 45.00 | 51.00 | OK | |
r-patched-linux-x86_64 | 0.1.0 | 4.19 | 21.78 | 25.97 | OK | |
r-release-linux-x86_64 | 0.1.0 | 3.67 | 22.08 | 25.75 | OK | |
r-release-macos-arm64 | 0.1.0 | 31.00 | OK | |||
r-release-macos-x86_64 | 0.1.0 | 28.00 | OK | |||
r-release-windows-x86_64 | 0.1.0 | 6.00 | 45.00 | 51.00 | OK | |
r-oldrel-macos-arm64 | 0.1.0 | 18.00 | OK | |||
r-oldrel-macos-x86_64 | 0.1.0 | 27.00 | OK | |||
r-oldrel-windows-x86_64 | 0.1.0 | 6.00 | 50.00 | 56.00 | OK |
Version: 0.1.0
Check: CRAN incoming feasibility
Result: NOTE
Maintainer: ‘Andrew Heiss <andrew@andrewheiss.com>’
Found the following (possibly) invalid file URI:
URI: CONDUCT.md
From: README.md
Flavors: r-devel-linux-x86_64-debian-clang, r-devel-linux-x86_64-debian-gcc