Last updated on 2025-05-23 04:51:20 CEST.
Flavor | Version | Tinstall | Tcheck | Ttotal | Status | Flags |
---|---|---|---|---|---|---|
r-devel-linux-x86_64-debian-clang | 0.2.0 | 5.17 | 39.76 | 44.93 | NOTE | |
r-devel-linux-x86_64-debian-gcc | 0.2.0 | 3.33 | 29.60 | 32.93 | NOTE | |
r-devel-linux-x86_64-fedora-clang | 0.2.0 | 70.41 | NOTE | |||
r-devel-linux-x86_64-fedora-gcc | 0.2.0 | 65.90 | NOTE | |||
r-devel-windows-x86_64 | 0.2.0 | 10.00 | 60.00 | 70.00 | NOTE | |
r-patched-linux-x86_64 | 0.2.0 | 5.09 | 36.65 | 41.74 | NOTE | |
r-release-linux-x86_64 | 0.2.0 | 4.28 | 36.65 | 40.93 | NOTE | |
r-release-macos-arm64 | 0.2.0 | 23.00 | NOTE | |||
r-release-macos-x86_64 | 0.2.0 | 37.00 | NOTE | |||
r-release-windows-x86_64 | 0.2.0 | 7.00 | 61.00 | 68.00 | NOTE | |
r-oldrel-macos-arm64 | 0.2.0 | 24.00 | NOTE | |||
r-oldrel-macos-x86_64 | 0.2.0 | 36.00 | NOTE | |||
r-oldrel-windows-x86_64 | 0.2.0 | 7.00 | 68.00 | 75.00 | NOTE |
Version: 0.2.0
Check: Rd files
Result: NOTE
checkRd: (-1) geom_flat_violin.Rd:7: Lost braces
7 | url{https://gist.github.com/dgrtwo/eb7750e74997891d7c20}
| ^
Flavors: r-devel-linux-x86_64-debian-clang, r-devel-linux-x86_64-debian-gcc, r-devel-linux-x86_64-fedora-clang, r-devel-linux-x86_64-fedora-gcc, r-devel-windows-x86_64, r-patched-linux-x86_64, r-release-linux-x86_64, r-release-macos-arm64, r-release-macos-x86_64, r-release-windows-x86_64, r-oldrel-macos-arm64, r-oldrel-macos-x86_64, r-oldrel-windows-x86_64