Last updated on 2025-05-23 04:51:20 CEST.
Flavor | Version | Tinstall | Tcheck | Ttotal | Status | Flags |
---|---|---|---|---|---|---|
r-devel-linux-x86_64-debian-clang | 1.2.5 | 35.60 | 101.04 | 136.64 | NOTE | |
r-devel-linux-x86_64-debian-gcc | 1.2.5 | 24.71 | 70.61 | 95.32 | NOTE | |
r-devel-linux-x86_64-fedora-clang | 1.2.5 | 254.02 | OK | |||
r-devel-linux-x86_64-fedora-gcc | 1.2.5 | 221.87 | OK | |||
r-devel-windows-x86_64 | 1.2.5 | 42.00 | 131.00 | 173.00 | OK | |
r-patched-linux-x86_64 | 1.2.5 | 35.60 | 95.58 | 131.18 | OK | |
r-release-linux-x86_64 | 1.2.5 | 35.04 | 95.42 | 130.46 | OK | |
r-release-macos-arm64 | 1.2.5 | 68.00 | OK | |||
r-release-macos-x86_64 | 1.2.5 | 131.00 | OK | |||
r-release-windows-x86_64 | 1.2.5 | 46.00 | 170.00 | 216.00 | OK | |
r-oldrel-macos-arm64 | 1.2.5 | 57.00 | OK | |||
r-oldrel-macos-x86_64 | 1.2.5 | 75.00 | OK | |||
r-oldrel-windows-x86_64 | 1.2.5 | 53.00 | 166.00 | 219.00 | OK |
Version: 1.2.5
Check: CRAN incoming feasibility
Result: NOTE
Maintainer: ‘Rob Tibshirani <tibs@stanford.edu>’
No Authors@R field in DESCRIPTION.
Please add one, modifying
Authors@R: c(person(given = "Ryan",
family = "Tibshirani",
role = "aut"),
person(given = "Rob",
family = "Tibshirani",
role = c("aut", "cre"),
email = "tibs@stanford.edu"),
person(given = "Jonathan",
family = "Taylor",
role = "aut"),
person(given = "Joshua",
family = "Loftus",
role = "aut"),
person(given = "Stephen",
family = "Reid",
role = "aut"),
person(given = "Jelena",
family = "Markovic",
role = "aut"))
as necessary.
Flavors: r-devel-linux-x86_64-debian-clang, r-devel-linux-x86_64-debian-gcc