Last updated on 2025-07-17 04:54:53 CEST.
Flavor | Version | Tinstall | Tcheck | Ttotal | Status | Flags |
---|---|---|---|---|---|---|
r-devel-linux-x86_64-debian-clang | 2.0.0 | 568.48 | 659.60 | 1228.08 | OK | |
r-devel-linux-x86_64-debian-gcc | 2.0.0 | 394.96 | 422.32 | 817.28 | OK | |
r-devel-linux-x86_64-fedora-clang | 2.0.0 | 2085.07 | OK | |||
r-devel-linux-x86_64-fedora-gcc | 2.0.0 | 1730.60 | OK | |||
r-devel-windows-x86_64 | 2.0.0 | 611.00 | 576.00 | 1187.00 | OK | |
r-patched-linux-x86_64 | 2.0.0 | 518.70 | 503.78 | 1022.48 | OK | |
r-release-linux-x86_64 | 2.0.0 | 520.96 | 507.01 | 1027.97 | OK | |
r-release-macos-arm64 | 2.0.0 | 267.00 | OK | |||
r-release-macos-x86_64 | 2.0.0 | 593.00 | OK | |||
r-release-windows-x86_64 | 2.0.0 | 629.00 | 587.00 | 1216.00 | OK | |
r-oldrel-macos-arm64 | 2.0.0 | 317.00 | NOTE | |||
r-oldrel-macos-x86_64 | 2.0.0 | 594.00 | NOTE | |||
r-oldrel-windows-x86_64 | 2.0.0 | 746.00 | 692.00 | 1438.00 | OK |
Version: 2.0.0
Check: installed package size
Result: NOTE
installed size is 25.9Mb
sub-directories of 1Mb or more:
libs 23.6Mb
Flavors: r-oldrel-macos-arm64, r-oldrel-macos-x86_64