Last updated on 2025-05-23 04:51:20 CEST.
Flavor | Version | Tinstall | Tcheck | Ttotal | Status | Flags |
---|---|---|---|---|---|---|
r-devel-linux-x86_64-debian-clang | 1.0.3 | 730.21 | 192.79 | 923.00 | OK | |
r-devel-linux-x86_64-debian-gcc | 1.0.3 | 729.94 | 192.14 | 922.08 | OK | |
r-devel-linux-x86_64-fedora-clang | 1.0.3 | 1475.81 | OK | |||
r-devel-linux-x86_64-fedora-gcc | 1.0.3 | 2288.35 | OK | |||
r-devel-windows-x86_64 | 1.0.3 | 841.00 | 281.00 | 1122.00 | OK | |
r-patched-linux-x86_64 | 1.0.3 | 887.78 | 260.43 | 1148.21 | OK | |
r-release-linux-x86_64 | 1.0.3 | 908.12 | 259.58 | 1167.70 | OK | |
r-release-macos-arm64 | 1.0.3 | 503.00 | OK | |||
r-release-macos-x86_64 | 1.0.3 | 346.00 | OK | |||
r-release-windows-x86_64 | 1.0.3 | 875.00 | 289.00 | 1164.00 | OK | |
r-oldrel-macos-arm64 | 1.0.3 | 289.00 | NOTE | |||
r-oldrel-macos-x86_64 | 1.0.3 | 351.00 | NOTE | |||
r-oldrel-windows-x86_64 | 1.0.3 | 964.00 | 344.00 | 1308.00 | NOTE |
Version: 1.0.3
Check: installed package size
Result: NOTE
installed size is 107.7Mb
sub-directories of 1Mb or more:
libs 106.4Mb
Flavors: r-oldrel-macos-arm64, r-oldrel-macos-x86_64, r-oldrel-windows-x86_64
Version: 1.0.3
Check: for GNU extensions in Makefiles
Result: NOTE
GNU make is a SystemRequirements.
Flavors: r-oldrel-macos-arm64, r-oldrel-macos-x86_64, r-oldrel-windows-x86_64