Last updated on 2025-07-19 04:49:37 CEST.
Flavor | Version | Tinstall | Tcheck | Ttotal | Status | Flags |
---|---|---|---|---|---|---|
r-devel-linux-x86_64-debian-clang | 1.0.3 | 746.49 | 192.50 | 938.99 | OK | |
r-devel-linux-x86_64-debian-gcc | 1.0.3 | 730.11 | 193.26 | 923.37 | OK | |
r-devel-linux-x86_64-fedora-clang | 1.0.3 | 1479.64 | OK | |||
r-devel-linux-x86_64-fedora-gcc | 1.0.3 | 2036.13 | OK | |||
r-devel-windows-x86_64 | 1.0.3 | 854.00 | 281.00 | 1135.00 | OK | |
r-patched-linux-x86_64 | 1.0.3 | 903.60 | 261.82 | 1165.42 | OK | |
r-release-linux-x86_64 | 1.0.3 | 880.75 | 261.96 | 1142.71 | OK | |
r-release-macos-arm64 | 1.0.3 | 503.00 | OK | |||
r-release-macos-x86_64 | 1.0.3 | 346.00 | OK | |||
r-release-windows-x86_64 | 1.0.3 | 828.00 | 276.00 | 1104.00 | OK | |
r-oldrel-macos-arm64 | 1.0.3 | 289.00 | NOTE | |||
r-oldrel-macos-x86_64 | 1.0.3 | 351.00 | NOTE | |||
r-oldrel-windows-x86_64 | 1.0.3 | 948.00 | 348.00 | 1296.00 | NOTE |
Version: 1.0.3
Check: installed package size
Result: NOTE
installed size is 107.7Mb
sub-directories of 1Mb or more:
libs 106.4Mb
Flavors: r-oldrel-macos-arm64, r-oldrel-macos-x86_64, r-oldrel-windows-x86_64
Version: 1.0.3
Check: for GNU extensions in Makefiles
Result: NOTE
GNU make is a SystemRequirements.
Flavors: r-oldrel-macos-arm64, r-oldrel-macos-x86_64, r-oldrel-windows-x86_64