Last updated on 2025-05-23 04:51:20 CEST.
Flavor | Version | Tinstall | Tcheck | Ttotal | Status | Flags |
---|---|---|---|---|---|---|
r-devel-linux-x86_64-debian-clang | 1.2.6 | 11.48 | 63.08 | 74.56 | NOTE | |
r-devel-linux-x86_64-debian-gcc | 1.2.6 | 8.70 | 47.69 | 56.39 | NOTE | |
r-devel-linux-x86_64-fedora-clang | 1.2.6 | 113.82 | OK | |||
r-devel-linux-x86_64-fedora-gcc | 1.2.6 | 118.59 | OK | |||
r-devel-windows-x86_64 | 1.2.6 | 18.00 | 134.00 | 152.00 | OK | |
r-patched-linux-x86_64 | 1.2.6 | 11.08 | 60.86 | 71.94 | OK | |
r-release-linux-x86_64 | 1.2.6 | 10.55 | 60.83 | 71.38 | OK | |
r-release-macos-arm64 | 1.2.6 | 40.00 | OK | |||
r-release-macos-x86_64 | 1.2.6 | 73.00 | OK | |||
r-release-windows-x86_64 | 1.2.6 | 15.00 | 119.00 | 134.00 | OK | |
r-oldrel-macos-arm64 | 1.2.6 | 34.00 | OK | |||
r-oldrel-macos-x86_64 | 1.2.6 | 54.00 | OK | |||
r-oldrel-windows-x86_64 | 1.2.6 | 18.00 | 98.00 | 116.00 | OK |
Version: 1.2.6
Check: CRAN incoming feasibility
Result: NOTE
Maintainer: ‘Luigi Augugliaro <luigi.augugliaro@unipa.it>’
No Authors@R field in DESCRIPTION.
Please add one, modifying
Authors@R: person(given = "Luigi",
family = "Augugliaro",
role = c("aut", "cre"),
email = "luigi.augugliaro@unipa.it")
as necessary.
Flavors: r-devel-linux-x86_64-debian-clang, r-devel-linux-x86_64-debian-gcc