Last updated on 2025-07-17 04:54:53 CEST.
Flavor | Version | Tinstall | Tcheck | Ttotal | Status | Flags |
---|---|---|---|---|---|---|
r-devel-linux-x86_64-debian-clang | 0.2.0 | 3.05 | 29.17 | 32.22 | OK | |
r-devel-linux-x86_64-debian-gcc | 0.2.0 | 2.29 | 22.86 | 25.15 | OK | |
r-devel-linux-x86_64-fedora-clang | 0.2.0 | 51.39 | OK | |||
r-devel-linux-x86_64-fedora-gcc | 0.2.0 | 48.60 | OK | |||
r-devel-windows-x86_64 | 0.2.0 | 9.00 | 47.00 | 56.00 | OK | |
r-patched-linux-x86_64 | 0.2.0 | 3.01 | 27.57 | 30.58 | OK | |
r-release-linux-x86_64 | 0.2.0 | 3.06 | 27.38 | 30.44 | OK | |
r-release-macos-arm64 | 0.2.0 | 24.00 | OK | |||
r-release-macos-x86_64 | 0.2.0 | 51.00 | OK | |||
r-release-windows-x86_64 | 0.2.0 | 11.00 | 47.00 | 58.00 | OK | |
r-oldrel-macos-arm64 | 0.2.0 | 21.00 | NOTE | |||
r-oldrel-macos-x86_64 | 0.2.0 | 32.00 | NOTE | |||
r-oldrel-windows-x86_64 | 0.2.0 | 9.00 | 53.00 | 62.00 | OK |
Version: 0.2.0
Check: package dependencies
Result: NOTE
Package suggested but not available for checking: ‘uchardet’
Flavors: r-oldrel-macos-arm64, r-oldrel-macos-x86_64