CRAN Package Check Results for Package shinyWidgets

Last updated on 2025-05-23 04:51:20 CEST.

Flavor Version Tinstall Tcheck Ttotal Status Flags
r-devel-linux-x86_64-debian-clang 0.9.0 10.46 82.43 92.89 NOTE
r-devel-linux-x86_64-debian-gcc 0.9.0 6.01 57.21 63.22 NOTE
r-devel-linux-x86_64-fedora-clang 0.9.0 139.03 NOTE
r-devel-linux-x86_64-fedora-gcc 0.9.0 141.11 NOTE
r-devel-windows-x86_64 0.9.0 17.00 133.00 150.00 NOTE
r-patched-linux-x86_64 0.9.0 12.62 76.15 88.77 NOTE
r-release-linux-x86_64 0.9.0 8.64 76.84 85.48 NOTE
r-release-macos-arm64 0.9.0 53.00 NOTE
r-release-macos-x86_64 0.9.0 99.00 NOTE
r-release-windows-x86_64 0.9.0 16.00 132.00 148.00 NOTE
r-oldrel-macos-arm64 0.9.0 47.00 OK
r-oldrel-macos-x86_64 0.9.0 89.00 OK
r-oldrel-windows-x86_64 0.9.0 17.00 145.00 162.00 OK

Check Details

Version: 0.9.0
Check: DESCRIPTION meta-information
Result: NOTE Missing dependency on R >= 4.1.0 because package code uses the pipe |> or function shorthand \(...) syntax added in R 4.1.0. File(s) using such syntax: ‘slimSelectInput.Rd’ Flavors: r-devel-linux-x86_64-debian-clang, r-devel-linux-x86_64-debian-gcc, r-devel-linux-x86_64-fedora-clang, r-devel-linux-x86_64-fedora-gcc, r-devel-windows-x86_64, r-patched-linux-x86_64, r-release-linux-x86_64, r-release-macos-arm64, r-release-macos-x86_64, r-release-windows-x86_64