CRAN Package Check Results for Package shinybrms

Last updated on 2025-07-17 04:54:53 CEST.

Flavor Version Tinstall Tcheck Ttotal Status Flags
r-devel-linux-x86_64-debian-clang 1.8.0 1.98 27.33 29.31 OK
r-devel-linux-x86_64-debian-gcc 1.8.0 1.61 21.95 23.56 OK
r-devel-linux-x86_64-fedora-clang 1.8.0 44.71 OK
r-devel-linux-x86_64-fedora-gcc 1.8.0 43.19 OK
r-devel-windows-x86_64 1.8.0 4.00 44.00 48.00 OK
r-patched-linux-x86_64 1.8.0 1.78 24.76 26.54 OK
r-release-linux-x86_64 1.8.0 1.89 24.47 26.36 OK
r-release-macos-arm64 1.8.0 21.00 OK
r-release-macos-x86_64 1.8.0 35.00 OK
r-release-windows-x86_64 1.8.0 4.00 47.00 51.00 OK
r-oldrel-macos-arm64 1.8.0 19.00 NOTE
r-oldrel-macos-x86_64 1.8.0 28.00 NOTE
r-oldrel-windows-x86_64 1.8.0 5.00 58.00 63.00 NOTE

Check Details

Version: 1.8.0
Check: package dependencies
Result: NOTE Package suggested but not available for checking: ‘cmdstanr’ Flavors: r-oldrel-macos-arm64, r-oldrel-macos-x86_64, r-oldrel-windows-x86_64