Last updated on 2025-05-23 04:51:20 CEST.
Flavor | Version | Tinstall | Tcheck | Ttotal | Status | Flags |
---|---|---|---|---|---|---|
r-devel-linux-x86_64-debian-clang | 0.1.1 | 1.75 | 18.18 | 19.93 | OK | |
r-devel-linux-x86_64-debian-gcc | 0.1.1 | 1.34 | 15.00 | 16.34 | OK | |
r-devel-linux-x86_64-fedora-clang | 0.1.1 | 29.79 | NOTE | |||
r-devel-linux-x86_64-fedora-gcc | 0.1.1 | 28.58 | NOTE | |||
r-devel-windows-x86_64 | 0.1.1 | 4.00 | 62.00 | 66.00 | OK | |
r-patched-linux-x86_64 | 0.1.1 | 1.79 | 16.18 | 17.97 | OK | |
r-release-linux-x86_64 | 0.1.1 | 1.45 | 16.33 | 17.78 | OK | |
r-release-macos-arm64 | 0.1.1 | 19.00 | OK | |||
r-release-macos-x86_64 | 0.1.1 | 24.00 | OK | |||
r-release-windows-x86_64 | 0.1.1 | 3.00 | 67.00 | 70.00 | OK | |
r-oldrel-macos-arm64 | 0.1.1 | 15.00 | OK | |||
r-oldrel-macos-x86_64 | 0.1.1 | 21.00 | OK | |||
r-oldrel-windows-x86_64 | 0.1.1 | 4.00 | 41.00 | 45.00 | OK |
Version: 0.1.1
Check: dependencies in R code
Result: NOTE
Namespace in Imports field not imported from: ‘shiny’
All declared Imports should be used.
Flavors: r-devel-linux-x86_64-fedora-clang, r-devel-linux-x86_64-fedora-gcc