Last updated on 2025-05-23 04:51:20 CEST.
Flavor | Version | Tinstall | Tcheck | Ttotal | Status | Flags |
---|---|---|---|---|---|---|
r-devel-linux-x86_64-debian-clang | 1-0 | 4.93 | 65.82 | 70.75 | NOTE | |
r-devel-linux-x86_64-debian-gcc | 1-0 | 4.74 | 45.09 | 49.83 | NOTE | |
r-devel-linux-x86_64-fedora-clang | 1-0 | 114.16 | OK | |||
r-devel-linux-x86_64-fedora-gcc | 1-0 | 111.35 | OK | |||
r-devel-windows-x86_64 | 1-0 | 11.00 | 80.00 | 91.00 | OK | |
r-patched-linux-x86_64 | 1-0 | 5.66 | 62.13 | 67.79 | OK | |
r-release-linux-x86_64 | 1-0 | 5.40 | 62.89 | 68.29 | OK | |
r-release-macos-arm64 | 1-0 | 36.00 | OK | |||
r-release-macos-x86_64 | 1-0 | 68.00 | OK | |||
r-release-windows-x86_64 | 1-0 | 11.00 | 134.00 | 145.00 | OK | |
r-oldrel-macos-arm64 | 1-0 | 31.00 | OK | |||
r-oldrel-macos-x86_64 | 1-0 | 50.00 | OK | |||
r-oldrel-windows-x86_64 | 1-0 | 11.00 | 95.00 | 106.00 | OK |
Version: 1-0
Check: CRAN incoming feasibility
Result: NOTE
Maintainer: ‘Binbin Lu <binbinlu@whu.edu.cn>’
No Authors@R field in DESCRIPTION.
Please add one, modifying
Authors@R: person(given = "Binbin",
family = "Lu",
role = c("aut", "cre"),
email = "binbinlu@whu.edu.cn")
as necessary.
Flavors: r-devel-linux-x86_64-debian-clang, r-devel-linux-x86_64-debian-gcc