Last updated on 2025-05-23 04:51:21 CEST.
Flavor | Version | Tinstall | Tcheck | Ttotal | Status | Flags |
---|---|---|---|---|---|---|
r-devel-linux-x86_64-debian-clang | 1.8.2 | 152.92 | 91.71 | 244.63 | OK | |
r-devel-linux-x86_64-debian-gcc | 1.8.2 | 127.07 | 71.21 | 198.28 | OK | |
r-devel-linux-x86_64-fedora-clang | 1.8.2 | 397.00 | OK | |||
r-devel-linux-x86_64-fedora-gcc | 1.8.2 | 538.67 | OK | |||
r-devel-windows-x86_64 | 1.8.2 | 164.00 | 149.00 | 313.00 | OK | |
r-patched-linux-x86_64 | 1.8.2 | 160.08 | 104.42 | 264.50 | OK | |
r-release-linux-x86_64 | 1.8.2 | 155.58 | 104.07 | 259.65 | OK | |
r-release-macos-arm64 | 1.8.2 | 76.00 | OK | |||
r-release-macos-x86_64 | 1.8.2 | 140.00 | OK | |||
r-release-windows-x86_64 | 1.8.2 | 155.00 | 146.00 | 301.00 | OK | |
r-oldrel-macos-arm64 | 1.8.2 | 95.00 | NOTE | |||
r-oldrel-macos-x86_64 | 1.8.2 | 132.00 | NOTE | |||
r-oldrel-windows-x86_64 | 1.8.2 | 188.00 | 173.00 | 361.00 | OK |
Version: 1.8.2
Check: installed package size
Result: NOTE
installed size is 38.4Mb
sub-directories of 1Mb or more:
libs 37.7Mb
Flavors: r-oldrel-macos-arm64, r-oldrel-macos-x86_64