Last updated on 2025-05-23 04:51:21 CEST.
Flavor | Version | Tinstall | Tcheck | Ttotal | Status | Flags |
---|---|---|---|---|---|---|
r-devel-linux-x86_64-debian-clang | 0.7.2 | 58.46 | 47.41 | 105.87 | OK | |
r-devel-linux-x86_64-debian-gcc | 0.7.2 | 43.96 | 36.72 | 80.68 | OK | |
r-devel-linux-x86_64-fedora-clang | 0.7.2 | 188.20 | OK | |||
r-devel-linux-x86_64-fedora-gcc | 0.7.2 | 234.66 | OK | |||
r-devel-windows-x86_64 | 0.7.2 | 82.00 | 98.00 | 180.00 | OK | |
r-patched-linux-x86_64 | 0.7.2 | 60.45 | 45.50 | 105.95 | OK | |
r-release-linux-x86_64 | 0.7.2 | 58.42 | 46.57 | 104.99 | OK | |
r-release-macos-arm64 | 0.7.2 | 61.00 | OK | |||
r-release-macos-x86_64 | 0.7.2 | 83.00 | OK | |||
r-release-windows-x86_64 | 0.7.2 | 83.00 | 164.00 | 247.00 | OK | |
r-oldrel-macos-arm64 | 0.7.2 | 36.00 | NOTE | |||
r-oldrel-macos-x86_64 | 0.7.2 | 54.00 | NOTE | |||
r-oldrel-windows-x86_64 | 0.7.2 | 86.00 | 110.00 | 196.00 | NOTE |
Version: 0.7.2
Check: installed package size
Result: NOTE
installed size is 7.0Mb
sub-directories of 1Mb or more:
libs 6.2Mb
Flavors: r-oldrel-macos-arm64, r-oldrel-macos-x86_64
Version: 0.7.2
Check: for GNU extensions in Makefiles
Result: NOTE
GNU make is a SystemRequirements.
Flavors: r-oldrel-macos-arm64, r-oldrel-macos-x86_64, r-oldrel-windows-x86_64