Last updated on 2025-07-19 04:49:38 CEST.
Flavor | Version | Tinstall | Tcheck | Ttotal | Status | Flags |
---|---|---|---|---|---|---|
r-devel-linux-x86_64-debian-clang | 1.5 | 3.68 | 69.82 | 73.50 | NOTE | |
r-devel-linux-x86_64-debian-gcc | 1.5 | 2.49 | 46.80 | 49.29 | NOTE | |
r-devel-linux-x86_64-fedora-clang | 1.5 | 115.19 | OK | |||
r-devel-linux-x86_64-fedora-gcc | 1.5 | 120.45 | OK | |||
r-devel-windows-x86_64 | 1.5 | 5.00 | 96.00 | 101.00 | OK | |
r-patched-linux-x86_64 | 1.5 | 4.50 | 65.12 | 69.62 | OK | |
r-release-linux-x86_64 | 1.5 | 3.45 | 65.72 | 69.17 | OK | |
r-release-macos-arm64 | 1.5 | 44.00 | OK | |||
r-release-macos-x86_64 | 1.5 | 82.00 | OK | |||
r-release-windows-x86_64 | 1.5 | 7.00 | 96.00 | 103.00 | OK | |
r-oldrel-macos-arm64 | 1.5 | 39.00 | OK | |||
r-oldrel-macos-x86_64 | 1.5 | 65.00 | OK | |||
r-oldrel-windows-x86_64 | 1.5 | 6.00 | 89.00 | 95.00 | OK |
Version: 1.5
Check: CRAN incoming feasibility
Result: NOTE
Maintainer: ‘Darren Wilkinson <darrenjwilkinson@btinternet.com>’
No Authors@R field in DESCRIPTION.
Please add one, modifying
Authors@R: person(given = "Darren",
family = "Wilkinson",
role = c("aut", "cre"),
email = "darrenjwilkinson@btinternet.com")
as necessary.
Flavors: r-devel-linux-x86_64-debian-clang, r-devel-linux-x86_64-debian-gcc