Last updated on 2025-07-20 04:51:14 CEST.
Flavor | Version | Tinstall | Tcheck | Ttotal | Status | Flags |
---|---|---|---|---|---|---|
r-devel-linux-x86_64-debian-clang | 0.2 | 2.46 | 38.80 | 41.26 | OK | |
r-devel-linux-x86_64-debian-gcc | 0.2 | 2.55 | 28.16 | 30.71 | OK | |
r-devel-linux-x86_64-fedora-clang | 0.2 | 65.27 | NOTE | |||
r-devel-linux-x86_64-fedora-gcc | 0.2 | 66.65 | NOTE | |||
r-devel-windows-x86_64 | 0.2 | 5.00 | 62.00 | 67.00 | OK | |
r-patched-linux-x86_64 | 0.2 | 4.47 | 36.88 | 41.35 | OK | |
r-release-linux-x86_64 | 0.2 | 3.32 | 37.39 | 40.71 | OK | |
r-release-macos-arm64 | 0.2 | 23.00 | OK | |||
r-release-macos-x86_64 | 0.2 | 40.00 | OK | |||
r-release-windows-x86_64 | 0.2 | 5.00 | 60.00 | 65.00 | OK | |
r-oldrel-macos-arm64 | 0.2 | 28.00 | OK | |||
r-oldrel-macos-x86_64 | 0.2 | 54.00 | OK | |||
r-oldrel-windows-x86_64 | 0.2 | 6.00 | 69.00 | 75.00 | OK |
Version: 0.2
Check: dependencies in R code
Result: NOTE
Namespace in Imports field not imported from: ‘MASS’
All declared Imports should be used.
Flavors: r-devel-linux-x86_64-fedora-clang, r-devel-linux-x86_64-fedora-gcc