CRAN Package Check Results for Package solitude

Last updated on 2025-05-23 04:51:21 CEST.

Flavor Version Tinstall Tcheck Ttotal Status Flags
r-devel-linux-x86_64-debian-clang 1.1.3 2.89 25.82 28.71 OK
r-devel-linux-x86_64-debian-gcc 1.1.3 2.02 20.24 22.26 OK
r-devel-linux-x86_64-fedora-clang 1.1.3 44.56 NOTE
r-devel-linux-x86_64-fedora-gcc 1.1.3 41.65 NOTE
r-devel-windows-x86_64 1.1.3 4.00 47.00 51.00 OK
r-patched-linux-x86_64 1.1.3 3.03 24.65 27.68 OK
r-release-linux-x86_64 1.1.3 2.87 24.81 27.68 OK
r-release-macos-arm64 1.1.3 21.00 OK
r-release-macos-x86_64 1.1.3 30.00 OK
r-release-windows-x86_64 1.1.3 4.00 98.00 102.00 OK
r-oldrel-macos-arm64 1.1.3 18.00 OK
r-oldrel-macos-x86_64 1.1.3 26.00 OK
r-oldrel-windows-x86_64 1.1.3 5.00 50.00 55.00 OK

Check Details

Version: 1.1.3
Check: dependencies in R code
Result: NOTE Namespaces in Imports field not imported from: ‘R6’ ‘lgr’ All declared Imports should be used. Flavors: r-devel-linux-x86_64-fedora-clang, r-devel-linux-x86_64-fedora-gcc