Last updated on 2025-05-23 04:51:21 CEST.
Flavor | Version | Tinstall | Tcheck | Ttotal | Status | Flags |
---|---|---|---|---|---|---|
r-devel-linux-x86_64-debian-clang | 0.1.1 | 1.55 | 18.46 | 20.01 | NOTE | |
r-devel-linux-x86_64-debian-gcc | 0.1.1 | 1.37 | 15.24 | 16.61 | NOTE | |
r-devel-linux-x86_64-fedora-clang | 0.1.1 | 31.39 | OK | |||
r-devel-linux-x86_64-fedora-gcc | 0.1.1 | 29.78 | OK | |||
r-devel-windows-x86_64 | 0.1.1 | 4.00 | 88.00 | 92.00 | OK | |
r-patched-linux-x86_64 | 0.1.1 | 1.67 | 17.97 | 19.64 | OK | |
r-release-linux-x86_64 | 0.1.1 | 1.52 | 17.88 | 19.40 | OK | |
r-release-macos-arm64 | 0.1.1 | 16.00 | OK | |||
r-release-macos-x86_64 | 0.1.1 | 24.00 | OK | |||
r-release-windows-x86_64 | 0.1.1 | 3.00 | 94.00 | 97.00 | OK | |
r-oldrel-macos-arm64 | 0.1.1 | 15.00 | OK | |||
r-oldrel-macos-x86_64 | 0.1.1 | 20.00 | OK | |||
r-oldrel-windows-x86_64 | 0.1.1 | 3.00 | 47.00 | 50.00 | OK |
Version: 0.1.1
Check: CRAN incoming feasibility
Result: NOTE
Maintainer: ‘"Zeb Burke-Conte" <zmbc@uw.edu>’
No Authors@R field in DESCRIPTION.
Please add one, modifying
Authors@R: c(person(given = "Zeb",
family = "Burke-Conte",
role = "aut"),
person(given = "\"Zeb",
family = "Burke-Conte\"",
role = "cre",
email = "zmbc@uw.edu"))
as necessary.
Flavors: r-devel-linux-x86_64-debian-clang, r-devel-linux-x86_64-debian-gcc