Last updated on 2025-07-17 04:54:54 CEST.
Flavor | Version | Tinstall | Tcheck | Ttotal | Status | Flags |
---|---|---|---|---|---|---|
r-devel-linux-x86_64-debian-clang | 2.2-0 | 18.77 | 201.28 | 220.05 | OK | |
r-devel-linux-x86_64-debian-gcc | 2.2-0 | 14.14 | 143.16 | 157.30 | OK | |
r-devel-linux-x86_64-fedora-clang | 2.2-0 | 324.88 | OK | |||
r-devel-linux-x86_64-fedora-gcc | 2.2-0 | 334.41 | OK | |||
r-devel-windows-x86_64 | 2.2-0 | 26.00 | 221.00 | 247.00 | OK | |
r-patched-linux-x86_64 | 2.2-0 | 18.60 | 190.50 | 209.10 | OK | |
r-release-linux-x86_64 | 2.2-0 | 15.55 | 190.47 | 206.02 | OK | |
r-release-macos-arm64 | 2.2-0 | 86.00 | OK | |||
r-release-macos-x86_64 | 2.2-0 | 181.00 | OK | |||
r-release-windows-x86_64 | 2.2-0 | 29.00 | 220.00 | 249.00 | OK | |
r-oldrel-macos-arm64 | 2.2-0 | 101.00 | NOTE | |||
r-oldrel-macos-x86_64 | 2.2-0 | 287.00 | NOTE | |||
r-oldrel-windows-x86_64 | 2.2-0 | 26.00 | 264.00 | 290.00 | NOTE |
Version: 2.2-0
Check: installed package size
Result: NOTE
installed size is 9.2Mb
sub-directories of 1Mb or more:
doc 7.6Mb
Flavors: r-oldrel-macos-arm64, r-oldrel-macos-x86_64, r-oldrel-windows-x86_64