Last updated on 2025-05-23 04:51:21 CEST.
Flavor | Version | Tinstall | Tcheck | Ttotal | Status | Flags |
---|---|---|---|---|---|---|
r-devel-linux-x86_64-debian-clang | 0.2.3 | 65.41 | 84.20 | 149.61 | OK | |
r-devel-linux-x86_64-debian-gcc | 0.2.3 | 54.53 | 68.31 | 122.84 | OK | |
r-devel-linux-x86_64-fedora-clang | 0.2.3 | 237.72 | OK | |||
r-devel-linux-x86_64-fedora-gcc | 0.2.3 | 287.31 | OK | |||
r-devel-windows-x86_64 | 0.2.3 | 70.00 | 120.00 | 190.00 | OK | |
r-patched-linux-x86_64 | 0.2.3 | 72.83 | 87.41 | 160.24 | OK | |
r-release-linux-x86_64 | 0.2.3 | 67.92 | 87.31 | 155.23 | OK | |
r-release-macos-arm64 | 0.2.3 | 85.00 | OK | |||
r-release-macos-x86_64 | 0.2.3 | 121.00 | OK | |||
r-release-windows-x86_64 | 0.2.3 | 71.00 | 153.00 | 224.00 | OK | |
r-oldrel-macos-arm64 | 0.2.3 | 73.00 | NOTE | |||
r-oldrel-macos-x86_64 | 0.2.3 | 138.00 | NOTE | |||
r-oldrel-windows-x86_64 | 0.2.3 | 83.00 | 145.00 | 228.00 | OK |
Version: 0.2.3
Check: installed package size
Result: NOTE
installed size is 27.7Mb
sub-directories of 1Mb or more:
libs 27.3Mb
Flavors: r-oldrel-macos-arm64, r-oldrel-macos-x86_64