Last updated on 2025-07-17 04:54:54 CEST.
Flavor | Version | Tinstall | Tcheck | Ttotal | Status | Flags |
---|---|---|---|---|---|---|
r-devel-linux-x86_64-debian-clang | 0.4.4.6 | 153.98 | 299.70 | 453.68 | OK | |
r-devel-linux-x86_64-debian-gcc | 0.4.4.6 | 114.54 | 198.05 | 312.59 | OK | |
r-devel-linux-x86_64-fedora-clang | 0.4.4.6 | 734.30 | OK | |||
r-devel-linux-x86_64-fedora-gcc | 0.4.4.6 | 725.98 | OK | |||
r-devel-windows-x86_64 | 0.4.4.6 | 171.00 | 291.00 | 462.00 | OK | |
r-patched-linux-x86_64 | 0.4.4.6 | 160.62 | 268.92 | 429.54 | OK | |
r-release-linux-x86_64 | 0.4.4.6 | 163.00 | 268.75 | 431.75 | OK | |
r-release-macos-arm64 | 0.4.4.6 | 162.00 | OK | |||
r-release-macos-x86_64 | 0.4.4.6 | 259.00 | OK | |||
r-release-windows-x86_64 | 0.4.4.6 | 181.00 | 307.00 | 488.00 | OK | |
r-oldrel-macos-arm64 | 0.4.4.6 | 161.00 | NOTE | |||
r-oldrel-macos-x86_64 | 0.4.4.6 | 233.00 | NOTE | |||
r-oldrel-windows-x86_64 | 0.4.4.6 | 199.00 | 382.00 | 581.00 | NOTE |
Version: 0.4.4.6
Check: installed package size
Result: NOTE
installed size is 17.7Mb
sub-directories of 1Mb or more:
doc 1.0Mb
extdata 2.6Mb
libs 12.6Mb
Flavors: r-oldrel-macos-arm64, r-oldrel-macos-x86_64, r-oldrel-windows-x86_64