Last updated on 2025-07-17 04:54:54 CEST.
Flavor | Version | Tinstall | Tcheck | Ttotal | Status | Flags |
---|---|---|---|---|---|---|
r-devel-linux-x86_64-debian-clang | 1.2.0 | 233.67 | 53.10 | 286.77 | OK | |
r-devel-linux-x86_64-debian-gcc | 1.2.0 | 191.04 | 38.94 | 229.98 | OK | |
r-devel-linux-x86_64-fedora-clang | 1.2.0 | 477.44 | NOTE | |||
r-devel-linux-x86_64-fedora-gcc | 1.2.0 | 590.43 | NOTE | |||
r-devel-windows-x86_64 | 1.2.0 | 220.00 | 99.00 | 319.00 | OK | |
r-patched-linux-x86_64 | 1.2.0 | 264.22 | 49.59 | 313.81 | OK | |
r-release-linux-x86_64 | 1.2.0 | 260.43 | 49.19 | 309.62 | OK | |
r-release-macos-arm64 | 1.2.0 | 38.00 | ERROR | |||
r-release-macos-x86_64 | 1.2.0 | 34.00 | ERROR | |||
r-release-windows-x86_64 | 1.2.0 | 218.00 | 101.00 | 319.00 | OK | |
r-oldrel-macos-arm64 | 1.2.0 | 40.00 | ERROR | |||
r-oldrel-macos-x86_64 | 1.2.0 | 38.00 | ERROR | |||
r-oldrel-windows-x86_64 | 1.2.0 | 213.00 | 116.00 | 329.00 | OK |
Version: 1.2.0
Check: dependencies in R code
Result: NOTE
Namespaces in Imports field not imported from:
‘Rcpp’ ‘base’ ‘utils’
All declared Imports should be used.
Flavors: r-devel-linux-x86_64-fedora-clang, r-devel-linux-x86_64-fedora-gcc
Version: 1.2.0
Check: whether package can be installed
Result: ERROR
Installation failed.
Flavors: r-release-macos-arm64, r-release-macos-x86_64, r-oldrel-macos-arm64, r-oldrel-macos-x86_64