Last updated on 2025-05-23 04:51:21 CEST.
Flavor | Version | Tinstall | Tcheck | Ttotal | Status | Flags |
---|---|---|---|---|---|---|
r-devel-linux-x86_64-debian-clang | 3.3-5 | 39.01 | 428.30 | 467.31 | OK | |
r-devel-linux-x86_64-debian-gcc | 3.3-6 | 27.27 | 291.67 | 318.94 | OK | |
r-devel-linux-x86_64-fedora-clang | 3.3-6 | 718.49 | OK | |||
r-devel-linux-x86_64-fedora-gcc | 3.3-6 | 768.24 | OK | |||
r-devel-windows-x86_64 | 3.3-5 | 48.00 | 504.00 | 552.00 | OK | |
r-patched-linux-x86_64 | 3.3-5 | 49.14 | 408.35 | 457.49 | OK | |
r-release-linux-x86_64 | 3.3-5 | 37.21 | 411.52 | 448.73 | OK | |
r-release-macos-arm64 | 3.3-6 | 171.00 | OK | |||
r-release-macos-x86_64 | 3.3-6 | 392.00 | OK | |||
r-release-windows-x86_64 | 3.3-6 | 39.00 | 434.00 | 473.00 | OK | |
r-oldrel-macos-arm64 | 3.3-6 | 180.00 | NOTE | |||
r-oldrel-macos-x86_64 | 3.3-6 | 331.00 | NOTE | |||
r-oldrel-windows-x86_64 | 3.3-5 | 62.00 | 612.00 | 674.00 | NOTE |
Version: 3.3-6
Check: package dependencies
Result: NOTE
Depends: includes the non-default packages:
'spatstat.data', 'spatstat.univar', 'spatstat.geom',
'spatstat.random', 'spatstat.explore', 'nlme', 'rpart'
Adding so many packages to the search path is excessive and importing
selectively is preferable.
Flavors: r-oldrel-macos-arm64, r-oldrel-macos-x86_64
Version: 3.3-5
Check: package dependencies
Result: NOTE
Depends: includes the non-default packages:
'spatstat.data', 'spatstat.univar', 'spatstat.geom',
'spatstat.random', 'spatstat.explore', 'nlme', 'rpart'
Adding so many packages to the search path is excessive and importing
selectively is preferable.
Flavor: r-oldrel-windows-x86_64