Last updated on 2025-05-23 04:51:21 CEST.
Flavor | Version | Tinstall | Tcheck | Ttotal | Status | Flags |
---|---|---|---|---|---|---|
r-devel-linux-x86_64-debian-clang | 2.0-1 | 49.62 | 433.21 | 482.83 | NOTE | |
r-devel-linux-x86_64-debian-gcc | 2.0-1 | 32.36 | 288.44 | 320.80 | NOTE | |
r-devel-linux-x86_64-fedora-clang | 2.0-1 | 762.09 | OK | |||
r-devel-linux-x86_64-fedora-gcc | 2.0-1 | 707.58 | OK | |||
r-devel-windows-x86_64 | 2.0-1 | 47.00 | 341.00 | 388.00 | OK | |
r-patched-linux-x86_64 | 2.0-1 | 50.46 | 408.31 | 458.77 | OK | |
r-release-linux-x86_64 | 2.0-1 | 45.33 | 410.60 | 455.93 | OK | |
r-release-macos-arm64 | 2.0-1 | 249.00 | OK | |||
r-release-macos-x86_64 | 2.0-1 | 410.00 | OK | |||
r-release-windows-x86_64 | 2.0-1 | 49.00 | 336.00 | 385.00 | OK | |
r-oldrel-macos-arm64 | 2.0-1 | 155.00 | OK | |||
r-oldrel-macos-x86_64 | 2.0-1 | 254.00 | OK | |||
r-oldrel-windows-x86_64 | 2.0-1 | 65.00 | 463.00 | 528.00 | OK |
Version: 2.0-1
Check: CRAN incoming feasibility
Result: NOTE
Maintainer: ‘Benjamin M. Taylor <benjamin.taylor.software@gmail.com>’
No Authors@R field in DESCRIPTION.
Please add one, modifying
Authors@R: c(person(given = c("Benjamin", "M."),
family = "Taylor",
role = c("aut", "cre"),
email = "benjamin.taylor.software@gmail.com"),
person(given = c("Barry", "S.", "Rowlingson", "Additional", "contributions", "Ziyu"),
family = "Zheng",
role = "aut"))
as necessary.
Flavors: r-devel-linux-x86_64-debian-clang, r-devel-linux-x86_64-debian-gcc