CRAN Package Check Results for Package spduration

Last updated on 2025-07-18 04:49:23 CEST.

Flavor Version Tinstall Tcheck Ttotal Status Flags
r-devel-linux-x86_64-debian-clang 0.17.2 49.76 114.67 164.43 NOTE
r-devel-linux-x86_64-debian-gcc 0.17.2 33.08 80.92 114.00 NOTE
r-devel-linux-x86_64-fedora-clang 0.17.2 284.94 OK
r-devel-linux-x86_64-fedora-gcc 0.17.2 264.70 OK
r-devel-windows-x86_64 0.17.2 58.00 186.00 244.00 NOTE
r-patched-linux-x86_64 0.17.2 45.37 105.81 151.18 NOTE
r-release-linux-x86_64 0.17.2 42.45 103.93 146.38 NOTE
r-release-macos-arm64 0.17.2 71.00 OK
r-release-macos-x86_64 0.17.2 141.00 OK
r-release-windows-x86_64 0.17.2 57.00 187.00 244.00 NOTE
r-oldrel-macos-arm64 0.17.2 65.00 OK
r-oldrel-macos-x86_64 0.17.2 97.00 OK
r-oldrel-windows-x86_64 0.17.2 69.00 219.00 288.00 OK

Check Details

Version: 0.17.2
Check: Rd cross-references
Result: NOTE Found the following Rd file(s) with Rd \link{} targets missing package anchors: forecast.spdur.Rd: forecast Please provide package anchors for all Rd \link{} targets not in the package itself and the base packages. Flavors: r-devel-linux-x86_64-debian-clang, r-devel-linux-x86_64-debian-gcc, r-devel-windows-x86_64, r-patched-linux-x86_64, r-release-linux-x86_64, r-release-windows-x86_64