Last updated on 2025-07-17 04:54:54 CEST.
Flavor | Version | Tinstall | Tcheck | Ttotal | Status | Flags |
---|---|---|---|---|---|---|
r-devel-linux-x86_64-debian-clang | 0.2.2 | 100.94 | 60.46 | 161.40 | OK | |
r-devel-linux-x86_64-debian-gcc | 0.2.2 | 69.23 | 42.26 | 111.49 | OK | |
r-devel-linux-x86_64-fedora-clang | 0.2.2 | 290.59 | OK | |||
r-devel-linux-x86_64-fedora-gcc | 0.2.2 | 263.33 | OK | |||
r-devel-windows-x86_64 | 0.2.2 | 105.00 | 93.00 | 198.00 | OK | |
r-patched-linux-x86_64 | 0.2.2 | 100.29 | 53.64 | 153.93 | OK | |
r-release-linux-x86_64 | 0.2.2 | 96.88 | 53.82 | 150.70 | OK | |
r-release-macos-arm64 | 0.2.2 | 69.00 | OK | |||
r-release-macos-x86_64 | 0.2.2 | 80.00 | OK | |||
r-release-windows-x86_64 | 0.2.2 | 103.00 | 89.00 | 192.00 | OK | |
r-oldrel-macos-arm64 | 0.2.2 | 66.00 | NOTE | |||
r-oldrel-macos-x86_64 | 0.2.2 | 101.00 | NOTE | |||
r-oldrel-windows-x86_64 | 0.2.2 | 121.00 | 114.00 | 235.00 | OK |
Version: 0.2.2
Check: installed package size
Result: NOTE
installed size is 6.8Mb
sub-directories of 1Mb or more:
libs 6.2Mb
Flavors: r-oldrel-macos-arm64, r-oldrel-macos-x86_64