Last updated on 2025-07-19 04:49:39 CEST.
Flavor | Version | Tinstall | Tcheck | Ttotal | Status | Flags |
---|---|---|---|---|---|---|
r-devel-linux-x86_64-debian-clang | 1.4.0 | 11.60 | 104.25 | 115.85 | NOTE | |
r-devel-linux-x86_64-debian-gcc | 1.4.0 | 9.53 | 73.70 | 83.23 | NOTE | |
r-devel-linux-x86_64-fedora-clang | 1.4.0 | 177.63 | OK | |||
r-devel-linux-x86_64-fedora-gcc | 1.4.0 | 160.54 | OK | |||
r-devel-windows-x86_64 | 1.4.0 | 13.00 | 97.00 | 110.00 | OK | |
r-patched-linux-x86_64 | 1.4.0 | 11.77 | 96.69 | 108.46 | OK | |
r-release-linux-x86_64 | 1.4.0 | 10.83 | 94.80 | 105.63 | OK | |
r-release-macos-arm64 | 1.4.0 | 47.00 | OK | |||
r-release-macos-x86_64 | 1.4.0 | 75.00 | OK | |||
r-release-windows-x86_64 | 1.4.0 | 13.00 | 98.00 | 111.00 | OK | |
r-oldrel-macos-arm64 | 1.4.0 | 42.00 | OK | |||
r-oldrel-macos-x86_64 | 1.4.0 | 71.00 | OK | |||
r-oldrel-windows-x86_64 | 1.4.0 | 18.00 | 126.00 | 144.00 | OK |
Version: 1.4.0
Check: CRAN incoming feasibility
Result: NOTE
Maintainer: ‘Giancarlo Vercellino <giancarlo.vercellino@gmail.com>’
No Authors@R field in DESCRIPTION.
Please add one, modifying
Authors@R: person(given = "Giancarlo",
family = "Vercellino",
role = c("aut", "cre"),
email = "giancarlo.vercellino@gmail.com")
as necessary.
Flavors: r-devel-linux-x86_64-debian-clang, r-devel-linux-x86_64-debian-gcc