CRAN Package Check Results for Package sqliter

Last updated on 2025-07-20 04:51:15 CEST.

Flavor Version Tinstall Tcheck Ttotal Status Flags
r-devel-linux-x86_64-debian-clang 0.1.0 4.23 34.53 38.76 NOTE
r-devel-linux-x86_64-debian-gcc 0.1.0 2.77 27.52 30.29 NOTE
r-devel-linux-x86_64-fedora-clang 0.1.0 62.12 OK
r-devel-linux-x86_64-fedora-gcc 0.1.0 58.28 OK
r-devel-windows-x86_64 0.1.0 5.00 52.00 57.00 OK
r-patched-linux-x86_64 0.1.0 4.38 32.81 37.19 OK
r-release-linux-x86_64 0.1.0 3.24 33.09 36.33 OK
r-release-macos-arm64 0.1.0 24.00 OK
r-release-macos-x86_64 0.1.0 38.00 OK
r-release-windows-x86_64 0.1.0 5.00 51.00 56.00 OK
r-oldrel-macos-arm64 0.1.0 21.00 OK
r-oldrel-macos-x86_64 0.1.0 31.00 OK
r-oldrel-windows-x86_64 0.1.0 7.00 61.00 68.00 OK

Check Details

Version: 0.1.0
Check: CRAN incoming feasibility
Result: NOTE Maintainer: ‘Wilson Freitas <wilson.freitas@gmail.com>’ No Authors@R field in DESCRIPTION. Please add one, modifying Authors@R: person(given = "Wilson", family = "Freitas", role = c("aut", "cre"), email = "wilson.freitas@gmail.com") as necessary. Flavors: r-devel-linux-x86_64-debian-clang, r-devel-linux-x86_64-debian-gcc