Last updated on 2025-07-19 04:49:39 CEST.
Flavor | Version | Tinstall | Tcheck | Ttotal | Status | Flags |
---|---|---|---|---|---|---|
r-devel-linux-x86_64-debian-clang | 0.1.1 | 53.05 | 454.80 | 507.85 | OK | |
r-devel-linux-x86_64-debian-gcc | 0.1.1 | 40.77 | 330.95 | 371.72 | OK | |
r-devel-linux-x86_64-fedora-clang | 0.1.1 | 858.97 | OK | |||
r-devel-linux-x86_64-fedora-gcc | 0.1.1 | 813.55 | OK | |||
r-devel-windows-x86_64 | 0.1.1 | 56.00 | 368.00 | 424.00 | OK | |
r-patched-linux-x86_64 | 0.1.1 | 54.50 | 431.06 | 485.56 | OK | |
r-release-linux-x86_64 | 0.1.1 | 47.67 | 425.45 | 473.12 | OK | |
r-release-macos-arm64 | 0.1.1 | 5.00 | ERROR | |||
r-release-macos-x86_64 | 0.1.1 | 390.00 | OK | |||
r-release-windows-x86_64 | 0.1.1 | 52.00 | 369.00 | 421.00 | OK | |
r-oldrel-macos-arm64 | 0.1.1 | 199.00 | OK | |||
r-oldrel-macos-x86_64 | 0.1.1 | 578.00 | OK | |||
r-oldrel-windows-x86_64 | 0.1.1 | 70.00 | 491.00 | 561.00 | OK |
Version: 0.1.1
Check: package dependencies
Result: ERROR
Package required but not available: ‘org.Hs.eg.db’
See section ‘The DESCRIPTION file’ in the ‘Writing R Extensions’
manual.
Flavor: r-release-macos-arm64