Last updated on 2025-07-17 04:54:55 CEST.
Flavor | Version | Tinstall | Tcheck | Ttotal | Status | Flags |
---|---|---|---|---|---|---|
r-devel-linux-x86_64-debian-clang | 0.0-10 | 142.24 | 85.54 | 227.78 | OK | |
r-devel-linux-x86_64-debian-gcc | 0.0-10 | 121.28 | 61.53 | 182.81 | OK | |
r-devel-linux-x86_64-fedora-clang | 0.0-10 | 353.79 | OK | |||
r-devel-linux-x86_64-fedora-gcc | 0.0-10 | 377.38 | OK | |||
r-devel-windows-x86_64 | 0.0-10 | 173.00 | 113.00 | 286.00 | OK | |
r-patched-linux-x86_64 | 0.0-10 | 155.06 | 79.53 | 234.59 | OK | |
r-release-linux-x86_64 | 0.0-10 | 153.55 | 80.26 | 233.81 | OK | |
r-release-macos-arm64 | 0.0-10 | 125.00 | OK | |||
r-release-macos-x86_64 | 0.0-10 | 289.00 | OK | |||
r-release-windows-x86_64 | 0.0-10 | 182.00 | 117.00 | 299.00 | OK | |
r-oldrel-macos-arm64 | 0.0-10 | 68.00 | NOTE | |||
r-oldrel-macos-x86_64 | 0.0-10 | 119.00 | NOTE | |||
r-oldrel-windows-x86_64 | 0.0-10 | 201.00 | 156.00 | 357.00 | OK |
Version: 0.0-10
Check: installed package size
Result: NOTE
installed size is 49.9Mb
sub-directories of 1Mb or more:
libs 49.6Mb
Flavors: r-oldrel-macos-arm64, r-oldrel-macos-x86_64