CRAN Package Check Results for Package starm

Last updated on 2025-05-23 04:51:22 CEST.

Flavor Version Tinstall Tcheck Ttotal Status Flags
r-devel-linux-x86_64-debian-clang 0.1.0 4.00 30.97 34.97 NOTE
r-devel-linux-x86_64-debian-gcc 0.1.0 2.31 24.18 26.49 NOTE
r-devel-linux-x86_64-fedora-clang 0.1.0 56.44 NOTE
r-devel-linux-x86_64-fedora-gcc 0.1.0 86.69 NOTE
r-devel-windows-x86_64 0.1.0 5.00 60.00 65.00 OK
r-patched-linux-x86_64 0.1.0 3.78 29.77 33.55 OK
r-release-linux-x86_64 0.1.0 3.15 29.54 32.69 OK
r-release-macos-arm64 0.1.0 43.00 OK
r-release-macos-x86_64 0.1.0 90.00 OK
r-release-windows-x86_64 0.1.0 5.00 60.00 65.00 OK
r-oldrel-macos-arm64 0.1.0 32.00 OK
r-oldrel-macos-x86_64 0.1.0 56.00 OK
r-oldrel-windows-x86_64 0.1.0 7.00 67.00 74.00 OK

Check Details

Version: 0.1.0
Check: CRAN incoming feasibility
Result: NOTE Maintainer: ‘Yannis Barboni <yannis.barboni1@gmail.com>’ The Description field contains to local spread of plant diseases." 2019. <arXiv:1811.06782>, using a Please refer to arXiv e-prints via their arXiv DOI <doi:10.48550/arXiv.YYMM.NNNNN>. Flavors: r-devel-linux-x86_64-debian-clang, r-devel-linux-x86_64-debian-gcc

Version: 0.1.0
Check: dependencies in R code
Result: NOTE Namespace in Imports field not imported from: ‘Matrix’ All declared Imports should be used. Flavors: r-devel-linux-x86_64-fedora-clang, r-devel-linux-x86_64-fedora-gcc