Last updated on 2025-07-19 04:49:39 CEST.
Flavor | Version | Tinstall | Tcheck | Ttotal | Status | Flags |
---|---|---|---|---|---|---|
r-devel-linux-x86_64-debian-clang | 1.3 | 35.40 | 58.39 | 93.79 | NOTE | |
r-devel-linux-x86_64-debian-gcc | 1.3 | 25.77 | 44.58 | 70.35 | NOTE | |
r-devel-linux-x86_64-fedora-clang | 1.3 | 159.30 | NOTE | |||
r-devel-linux-x86_64-fedora-gcc | 1.3 | 154.87 | NOTE | |||
r-devel-windows-x86_64 | 1.3 | 43.00 | 90.00 | 133.00 | OK | |
r-patched-linux-x86_64 | 1.3 | 39.46 | 56.53 | 95.99 | OK | |
r-release-linux-x86_64 | 1.3 | 38.71 | 55.62 | 94.33 | OK | |
r-release-macos-arm64 | 1.3 | 45.00 | OK | |||
r-release-macos-x86_64 | 1.3 | 72.00 | OK | |||
r-release-windows-x86_64 | 1.3 | 42.00 | 91.00 | 133.00 | OK | |
r-oldrel-macos-arm64 | 1.3 | 45.00 | OK | |||
r-oldrel-macos-x86_64 | 1.3 | 56.00 | OK | |||
r-oldrel-windows-x86_64 | 1.3 | 52.00 | 116.00 | 168.00 | OK |
Version: 1.3
Check: CRAN incoming feasibility
Result: NOTE
Maintainer: ‘Felix Cheysson <felix@cheysson.fr>’
No Authors@R field in DESCRIPTION.
Please add one, modifying
Authors@R: person(given = "Felix",
family = "Cheysson",
role = c("aut", "cre"),
email = "felix@cheysson.fr")
as necessary.
Flavors: r-devel-linux-x86_64-debian-clang, r-devel-linux-x86_64-debian-gcc
Version: 1.3
Check: compiled code
Result: NOTE
File ‘starma/libs/starma.so’:
Found no calls to: ‘R_registerRoutines’, ‘R_useDynamicSymbols’
It is good practice to register native routines and to disable symbol
search.
See ‘Writing portable packages’ in the ‘Writing R Extensions’ manual.
Flavors: r-devel-linux-x86_64-fedora-clang, r-devel-linux-x86_64-fedora-gcc