Last updated on 2025-07-17 04:54:55 CEST.
Flavor | Version | Tinstall | Tcheck | Ttotal | Status | Flags |
---|---|---|---|---|---|---|
r-devel-linux-x86_64-debian-clang | 0.9.8 | 84.22 | 148.78 | 233.00 | OK | |
r-devel-linux-x86_64-debian-gcc | 0.9.8 | 72.87 | 95.06 | 167.93 | OK | |
r-devel-linux-x86_64-fedora-clang | 0.9.8 | 342.12 | OK | |||
r-devel-linux-x86_64-fedora-gcc | 0.9.8 | 409.56 | OK | |||
r-devel-windows-x86_64 | 0.9.8 | 86.00 | 167.00 | 253.00 | OK | |
r-patched-linux-x86_64 | 0.9.8 | 102.30 | 137.35 | 239.65 | OK | |
r-release-linux-x86_64 | 0.9.8 | 101.70 | 139.27 | 240.97 | OK | |
r-release-macos-arm64 | 0.9.8 | 89.00 | OK | |||
r-release-macos-x86_64 | 0.9.8 | 177.00 | OK | |||
r-release-windows-x86_64 | 0.9.8 | 85.00 | 167.00 | 252.00 | OK | |
r-oldrel-macos-arm64 | 0.9.8 | 91.00 | NOTE | |||
r-oldrel-macos-x86_64 | 0.9.8 | 191.00 | NOTE | |||
r-oldrel-windows-x86_64 | 0.9.8 | 97.00 | 230.00 | 327.00 | OK |
Version: 0.9.8
Check: installed package size
Result: NOTE
installed size is 25.5Mb
sub-directories of 1Mb or more:
libs 25.3Mb
Flavors: r-oldrel-macos-arm64, r-oldrel-macos-x86_64